{"version":"1.0","provider_name":"Medlemmer i Harstad Fotoklubb","provider_url":"https:\/\/www.hafk.no\/hafk_medlemmer","author_name":"h4fk_adm1n","author_url":"https:\/\/www.hafk.no\/hafk_medlemmer\/author\/h4fk_adm1n\/","title":"Innf\u00f8ringskurs i foto \u2013 Bj\u00f8rn Joachimsen [Vester\u00e5len] - Medlemmer i Harstad Fotoklubb","type":"rich","width":600,"height":338,"html":"<blockquote class=\"wp-embedded-content\" data-secret=\"cDk7VGx0ho\"><a href=\"https:\/\/www.hafk.no\/hafk_medlemmer\/events\/innforingskurs-foto-bjorn-joachimsen-vesteralen\/\">Innf\u00f8ringskurs i foto \u2013  Bj\u00f8rn Joachimsen [Vester\u00e5len]<\/a><\/blockquote><iframe sandbox=\"allow-scripts\" security=\"restricted\" src=\"https:\/\/www.hafk.no\/hafk_medlemmer\/events\/innforingskurs-foto-bjorn-joachimsen-vesteralen\/embed\/#?secret=cDk7VGx0ho\" width=\"600\" height=\"338\" title=\"&laquo;Innf\u00f8ringskurs i foto \u2013  Bj\u00f8rn Joachimsen [Vester\u00e5len]&raquo; &#8212; Medlemmer i Harstad Fotoklubb\" data-secret=\"cDk7VGx0ho\" frameborder=\"0\" marginwidth=\"0\" marginheight=\"0\" scrolling=\"no\" class=\"wp-embedded-content\"><\/iframe><script type=\"text\/javascript\">\n\/* <![CDATA[ *\/\n\/*! This file is auto-generated *\/\n!function(d,l){\"use strict\";l.querySelector&&d.addEventListener&&\"undefined\"!=typeof URL&&(d.wp=d.wp||{},d.wp.receiveEmbedMessage||(d.wp.receiveEmbedMessage=function(e){var t=e.data;if((t||t.secret||t.message||t.value)&&!\/[^a-zA-Z0-9]\/.test(t.secret)){for(var s,r,n,a=l.querySelectorAll('iframe[data-secret=\"'+t.secret+'\"]'),o=l.querySelectorAll('blockquote[data-secret=\"'+t.secret+'\"]'),c=new RegExp(\"^https?:$\",\"i\"),i=0;i<o.length;i++)o[i].style.display=\"none\";for(i=0;i<a.length;i++)s=a[i],e.source===s.contentWindow&&(s.removeAttribute(\"style\"),\"height\"===t.message?(1e3<(r=parseInt(t.value,10))?r=1e3:~~r<200&&(r=200),s.height=r):\"link\"===t.message&&(r=new URL(s.getAttribute(\"src\")),n=new URL(t.value),c.test(n.protocol))&&n.host===r.host&&l.activeElement===s&&(d.top.location.href=t.value))}},d.addEventListener(\"message\",d.wp.receiveEmbedMessage,!1),l.addEventListener(\"DOMContentLoaded\",function(){for(var e,t,s=l.querySelectorAll(\"iframe.wp-embedded-content\"),r=0;r<s.length;r++)(t=(e=s[r]).getAttribute(\"data-secret\"))||(t=Math.random().toString(36).substring(2,12),e.src+=\"#?secret=\"+t,e.setAttribute(\"data-secret\",t)),e.contentWindow.postMessage({message:\"ready\",secret:t},\"*\")},!1)))}(window,document);\n\/* ]]> *\/\n<\/script>\n","description":"NB: Dette er IKKE en klubbaktivitet, kun ment som informasjon om et interessant kurs i n\u00e6romr\u00e5det. Fotokurs i Vester\u00e5len\u00a0\u2013 l\u00e6r \u00e5 bruke kameraet ditt! Er du ny med kamera og \u00f8nsker \u00e5 l\u00e6re det grunnleggende innen fotografering er dette kurset for deg. Gjennom en hel helg f\u00e5r du innf\u00f8ring i hvordan du bruker kameraet ditt [&hellip;]"}

Innføringskurs i foto – Bjørn Joachimsen [Vesterålen] - Medlemmer i Harstad Fotoklubb

<blockquote class="wp-embedded-content" data-secret="cDk7VGx0ho"><a href="https://www.hafk.no/hafk_medlemmer/events/innforingskurs-foto-bjorn-joachimsen-vesteralen/">Innføringskurs i foto –  Bjørn Joachimsen [Vesterålen]</a></blockquote><iframe sandbox="allow-scripts" security="restricted" src="https://www.hafk.no/hafk_medlemmer/events/innforingskurs-foto-bjorn-joachimsen-vesteralen/embed/#?secret=cDk7VGx0ho" width="600" height="338" title="&laquo;Innføringskurs i foto –  Bjørn Joachimsen [Vesterålen]&raquo; &#8212; Medlemmer i Harstad Fotoklubb" data-secret="cDk7VGx0ho" frameborder="0" marginwidth="0" marginheight="0" scrolling="no" class="wp-embedded-content"></iframe><script type="text/javascript">
/* <![CDATA[ */
/*! This file is auto-generated */
!function(d,l){"use strict";l.querySelector&&d.addEventListener&&"undefined"!=typeof URL&&(d.wp=d.wp||{},d.wp.receiveEmbedMessage||(d.wp.receiveEmbedMessage=function(e){var t=e.data;if((t||t.secret||t.message||t.value)&&!/[^a-zA-Z0-9]/.test(t.secret)){for(var s,r,n,a=l.querySelectorAll('iframe[data-secret="'+t.secret+'"]'),o=l.querySelectorAll('blockquote[data-secret="'+t.secret+'"]'),c=new RegExp("^https?:$","i"),i=0;i<o.length;i++)o[i].style.display="none";for(i=0;i<a.length;i++)s=a[i],e.source===s.contentWindow&&(s.removeAttribute("style"),"height"===t.message?(1e3<(r=parseInt(t.value,10))?r=1e3:~~r<200&&(r=200),s.height=r):"link"===t.message&&(r=new URL(s.getAttribute("src")),n=new URL(t.value),c.test(n.protocol))&&n.host===r.host&&l.activeElement===s&&(d.top.location.href=t.value))}},d.addEventListener("message",d.wp.receiveEmbedMessage,!1),l.addEventListener("DOMContentLoaded",function(){for(var e,t,s=l.querySelectorAll("iframe.wp-embedded-content"),r=0;r<s.length;r++)(t=(e=s[r]).getAttribute("data-secret"))||(t=Math.random().toString(36).substring(2,12),e.src+="#?secret="+t,e.setAttribute("data-secret",t)),e.contentWindow.postMessage({message:"ready",secret:t},"*")},!1)))}(window,document);
/* ]]> */
</script>

NB: Dette er IKKE en klubbaktivitet, kun ment som informasjon om et interessant kurs i nærområdet. Fotokurs i Vesterålen – lær å bruke kameraet ditt! Er du ny med kamera og ønsker å lære det grunnleggende innen fotografering er dette kurset for deg. Gjennom en hel helg får du innføring i hvordan du bruker kameraet ditt [&hellip;]
